{"version":"1.0","provider_name":"Wandern und Wein Tours in Katalonienn","provider_url":"https:\/\/elbrogit.com\/de\/","author_name":"Wandern und Wein Tours in Katalonienn","author_url":"https:\/\/elbrogit.com\/de\/","title":"mr03deu - Wandern und Wein Tours in Katalonienn","type":"rich","width":600,"height":338,"html":"<blockquote class=\"wp-embedded-content\" data-secret=\"aslF57nhaI\"><a href=\"https:\/\/elbrogit.com\/de\/mr03deu\/\">mr03deu<\/a><\/blockquote><iframe sandbox=\"allow-scripts\" security=\"restricted\" src=\"https:\/\/elbrogit.com\/de\/mr03deu\/embed\/#?secret=aslF57nhaI\" width=\"600\" height=\"338\" title=\"&#8222;mr03deu&#8220; &#8211; Wandern und Wein Tours in Katalonienn\" data-secret=\"aslF57nhaI\" frameborder=\"0\" marginwidth=\"0\" marginheight=\"0\" scrolling=\"no\" class=\"wp-embedded-content\"><\/iframe><script>\n\/*! This file is auto-generated *\/\n!function(d,l){\"use strict\";l.querySelector&&d.addEventListener&&\"undefined\"!=typeof URL&&(d.wp=d.wp||{},d.wp.receiveEmbedMessage||(d.wp.receiveEmbedMessage=function(e){var t=e.data;if((t||t.secret||t.message||t.value)&&!\/[^a-zA-Z0-9]\/.test(t.secret)){for(var s,r,n,a=l.querySelectorAll('iframe[data-secret=\"'+t.secret+'\"]'),o=l.querySelectorAll('blockquote[data-secret=\"'+t.secret+'\"]'),c=new RegExp(\"^https?:$\",\"i\"),i=0;i<o.length;i++)o[i].style.display=\"none\";for(i=0;i<a.length;i++)s=a[i],e.source===s.contentWindow&&(s.removeAttribute(\"style\"),\"height\"===t.message?(1e3<(r=parseInt(t.value,10))?r=1e3:~~r<200&&(r=200),s.height=r):\"link\"===t.message&&(r=new URL(s.getAttribute(\"src\")),n=new URL(t.value),c.test(n.protocol))&&n.host===r.host&&l.activeElement===s&&(d.top.location.href=t.value))}},d.addEventListener(\"message\",d.wp.receiveEmbedMessage,!1),l.addEventListener(\"DOMContentLoaded\",function(){for(var e,t,s=l.querySelectorAll(\"iframe.wp-embedded-content\"),r=0;r<s.length;r++)(t=(e=s[r]).getAttribute(\"data-secret\"))||(t=Math.random().toString(36).substring(2,12),e.src+=\"#?secret=\"+t,e.setAttribute(\"data-secret\",t)),e.contentWindow.postMessage({message:\"ready\",secret:t},\"*\")},!1)))}(window,document);\n<\/script>\n","description":"Gut gemacht! Diese Stra\u00dfen erinnern mich an viele Dinge. In der Zeit meiner Eltern war weiter oben das Quartier der Guardia Civil, also der Polizei. Fertig f\u00fcr den n\u00e4chsten Vers? Schnell haben wir die Stra\u00dfe La Pica erklommen,und sind zu einem ungew\u00f6hnlichen Platz gekommen,hier haben die Menschen kein Picknick gegessen,sondern in einem Gef\u00e4ngnis gesessen. Wir [&hellip;]","thumbnail_url":"https:\/\/elbrogit.com\/wp-content\/uploads\/03_Preso.jpg"}

Gut gemacht! Diese Straßen erinnern mich an viele Dinge. In der Zeit meiner Eltern war weiter oben das Quartier der Guardia Civil, also der Polizei. Fertig für den nächsten Vers? Schnell haben wir die Straße La Pica erklommen,und sind zu einem ungewöhnlichen Platz gekommen,hier haben die Menschen kein Picknick gegessen,sondern in einem Gefängnis gesessen. Wir [&hellip;]
